{"id":3855,"date":"2024-01-25T13:45:47","date_gmt":"2024-01-25T12:45:47","guid":{"rendered":"https:\/\/www.bastadcamping.se\/event\/ostern-auf-bastad-camping\/"},"modified":"2024-01-25T13:52:13","modified_gmt":"2024-01-25T12:52:13","slug":"ostern-auf-bastad-camping","status":"publish","type":"tribe_events","link":"https:\/\/www.bastadcamping.se\/de\/event\/ostern-auf-bastad-camping\/","title":{"rendered":"Ostern auf B\u00e5stad Camping"},"content":{"rendered":"<p>[et_pb_section][et_pb_row][et_pb_column type=&#8220;4_4&#8243;][et_pb_text]<\/p>\n<p><strong>Beginnen Sie die Campingsaison und feiern Sie Ostern mit uns auf B\u00e5stad Camping!<\/strong><\/p>\n<p>Donnerstag: Sandwiches k\u00f6nnen im Restaurant bestellt werden. W\u00e4hlen Sie zwischen:<\/p>\n<div>-Eier und Garnelen<\/div>\n<div>-Reis mit Remouladenso\u00dfe<\/div>\n<div>-Roastbeef mit Meerrettich<\/div>\n<div>-Frikadellen mit Rotkohl<\/div>\n<div><\/div>\n<div>Abholung von 15-18 Uhr<\/div>\n<div><\/div>\n<div>Preis 129 kr f\u00fcr 3 Sandwiches.<\/div>\n<div><\/div>\n<div>Vorbestellungen per Telefon: +460431 755 11 oder per E-Mail an torget@bastadcamping.se.<\/div>\n<p>[\/et_pb_text][\/et_pb_column][\/et_pb_row][\/et_pb_section]<\/p>\n","protected":false},"excerpt":{"rendered":"<p>[et_pb_section][et_pb_row][et_pb_column type=&#8220;4_4&#8243;][et_pb_text] Beginnen Sie die Campingsaison und feiern Sie Ostern mit uns auf B\u00e5stad Camping! Donnerstag: Sandwiches k\u00f6nnen im Restaurant bestellt werden. W\u00e4hlen Sie zwischen: -Eier und Garnelen -Reis mit [&hellip;]<\/p>\n","protected":false},"author":7,"featured_media":0,"template":"","meta":{"_et_pb_use_builder":"off","_et_pb_old_content":"","_et_gb_content_width":"","_tribe_events_status":"","_tribe_events_status_reason":"","footnotes":""},"tags":[],"tribe_events_cat":[],"class_list":["post-3855","tribe_events","type-tribe_events","status-publish","hentry"],"yoast_head":"<!-- This site is optimized with the Yoast SEO plugin v27.5 - https:\/\/yoast.com\/product\/yoast-seo-wordpress\/ -->\n<title>Ostern auf B\u00e5stad Camping - B\u00e5stad Camping<\/title>\n<meta name=\"robots\" content=\"index, follow, max-snippet:-1, max-image-preview:large, max-video-preview:-1\" \/>\n<link rel=\"canonical\" href=\"https:\/\/www.bastadcamping.se\/de\/event\/ostern-auf-bastad-camping\/\" \/>\n<meta property=\"og:locale\" content=\"de_DE\" \/>\n<meta property=\"og:type\" content=\"article\" \/>\n<meta property=\"og:title\" content=\"Ostern auf B\u00e5stad Camping - B\u00e5stad Camping\" \/>\n<meta property=\"og:description\" content=\"[et_pb_section][et_pb_row][et_pb_column type=&#8220;4_4&#8243;][et_pb_text] Beginnen Sie die Campingsaison und feiern Sie Ostern mit uns auf B\u00e5stad Camping! Donnerstag: Sandwiches k\u00f6nnen im Restaurant bestellt werden. W\u00e4hlen Sie zwischen: -Eier und Garnelen -Reis mit [&hellip;]\" \/>\n<meta property=\"og:url\" content=\"https:\/\/www.bastadcamping.se\/de\/event\/ostern-auf-bastad-camping\/\" \/>\n<meta property=\"og:site_name\" content=\"B\u00e5stad Camping\" \/>\n<meta property=\"article:publisher\" content=\"https:\/\/www.facebook.com\/BastadCamping\" \/>\n<meta property=\"article:modified_time\" content=\"2024-01-25T12:52:13+00:00\" \/>\n<meta name=\"twitter:card\" content=\"summary_large_image\" \/>\n<script type=\"application\/ld+json\" class=\"yoast-schema-graph\">{\"@context\":\"https:\\\/\\\/schema.org\",\"@graph\":[{\"@type\":\"WebPage\",\"@id\":\"https:\\\/\\\/www.bastadcamping.se\\\/de\\\/event\\\/ostern-auf-bastad-camping\\\/\",\"url\":\"https:\\\/\\\/www.bastadcamping.se\\\/de\\\/event\\\/ostern-auf-bastad-camping\\\/\",\"name\":\"Ostern auf B\u00e5stad Camping - B\u00e5stad Camping\",\"isPartOf\":{\"@id\":\"https:\\\/\\\/www.bastadcamping.se\\\/de\\\/#website\"},\"datePublished\":\"2024-01-25T12:45:47+00:00\",\"dateModified\":\"2024-01-25T12:52:13+00:00\",\"breadcrumb\":{\"@id\":\"https:\\\/\\\/www.bastadcamping.se\\\/de\\\/event\\\/ostern-auf-bastad-camping\\\/#breadcrumb\"},\"inLanguage\":\"de\",\"potentialAction\":[{\"@type\":\"ReadAction\",\"target\":[\"https:\\\/\\\/www.bastadcamping.se\\\/de\\\/event\\\/ostern-auf-bastad-camping\\\/\"]}]},{\"@type\":\"BreadcrumbList\",\"@id\":\"https:\\\/\\\/www.bastadcamping.se\\\/de\\\/event\\\/ostern-auf-bastad-camping\\\/#breadcrumb\",\"itemListElement\":[{\"@type\":\"ListItem\",\"position\":1,\"name\":\"Hem\",\"item\":\"https:\\\/\\\/www.bastadcamping.se\\\/de\\\/hem\\\/\"},{\"@type\":\"ListItem\",\"position\":2,\"name\":\"Veranstaltungen\",\"item\":\"https:\\\/\\\/www.bastadcamping.se\\\/de\\\/events\\\/\"},{\"@type\":\"ListItem\",\"position\":3,\"name\":\"Ostern auf B\u00e5stad Camping\"}]},{\"@type\":\"WebSite\",\"@id\":\"https:\\\/\\\/www.bastadcamping.se\\\/de\\\/#website\",\"url\":\"https:\\\/\\\/www.bastadcamping.se\\\/de\\\/\",\"name\":\"B\u00e5stad Camping\",\"description\":\"\",\"publisher\":{\"@id\":\"https:\\\/\\\/www.bastadcamping.se\\\/de\\\/#organization\"},\"potentialAction\":[{\"@type\":\"SearchAction\",\"target\":{\"@type\":\"EntryPoint\",\"urlTemplate\":\"https:\\\/\\\/www.bastadcamping.se\\\/de\\\/?s={search_term_string}\"},\"query-input\":{\"@type\":\"PropertyValueSpecification\",\"valueRequired\":true,\"valueName\":\"search_term_string\"}}],\"inLanguage\":\"de\"},{\"@type\":\"Organization\",\"@id\":\"https:\\\/\\\/www.bastadcamping.se\\\/de\\\/#organization\",\"name\":\"B\u00e5stad Camping\",\"url\":\"https:\\\/\\\/www.bastadcamping.se\\\/de\\\/\",\"logo\":{\"@type\":\"ImageObject\",\"inLanguage\":\"de\",\"@id\":\"https:\\\/\\\/www.bastadcamping.se\\\/de\\\/#\\\/schema\\\/logo\\\/image\\\/\",\"url\":\"https:\\\/\\\/www.bastadcamping.se\\\/wp-content\\\/uploads\\\/2023\\\/05\\\/cropped-Bastad-camping-symbol.jpg\",\"contentUrl\":\"https:\\\/\\\/www.bastadcamping.se\\\/wp-content\\\/uploads\\\/2023\\\/05\\\/cropped-Bastad-camping-symbol.jpg\",\"width\":512,\"height\":512,\"caption\":\"B\u00e5stad Camping\"},\"image\":{\"@id\":\"https:\\\/\\\/www.bastadcamping.se\\\/de\\\/#\\\/schema\\\/logo\\\/image\\\/\"},\"sameAs\":[\"https:\\\/\\\/www.facebook.com\\\/BastadCamping\",\"https:\\\/\\\/www.instagram.com\\\/bastadcamping\\\/\"]}]}<\/script>\n<!-- \/ Yoast SEO plugin. -->","yoast_head_json":{"title":"Ostern auf B\u00e5stad Camping - B\u00e5stad Camping","robots":{"index":"index","follow":"follow","max-snippet":"max-snippet:-1","max-image-preview":"max-image-preview:large","max-video-preview":"max-video-preview:-1"},"canonical":"https:\/\/www.bastadcamping.se\/de\/event\/ostern-auf-bastad-camping\/","og_locale":"de_DE","og_type":"article","og_title":"Ostern auf B\u00e5stad Camping - B\u00e5stad Camping","og_description":"[et_pb_section][et_pb_row][et_pb_column type=&#8220;4_4&#8243;][et_pb_text] Beginnen Sie die Campingsaison und feiern Sie Ostern mit uns auf B\u00e5stad Camping! Donnerstag: Sandwiches k\u00f6nnen im Restaurant bestellt werden. W\u00e4hlen Sie zwischen: -Eier und Garnelen -Reis mit [&hellip;]","og_url":"https:\/\/www.bastadcamping.se\/de\/event\/ostern-auf-bastad-camping\/","og_site_name":"B\u00e5stad Camping","article_publisher":"https:\/\/www.facebook.com\/BastadCamping","article_modified_time":"2024-01-25T12:52:13+00:00","twitter_card":"summary_large_image","schema":{"@context":"https:\/\/schema.org","@graph":[{"@type":"WebPage","@id":"https:\/\/www.bastadcamping.se\/de\/event\/ostern-auf-bastad-camping\/","url":"https:\/\/www.bastadcamping.se\/de\/event\/ostern-auf-bastad-camping\/","name":"Ostern auf B\u00e5stad Camping - B\u00e5stad Camping","isPartOf":{"@id":"https:\/\/www.bastadcamping.se\/de\/#website"},"datePublished":"2024-01-25T12:45:47+00:00","dateModified":"2024-01-25T12:52:13+00:00","breadcrumb":{"@id":"https:\/\/www.bastadcamping.se\/de\/event\/ostern-auf-bastad-camping\/#breadcrumb"},"inLanguage":"de","potentialAction":[{"@type":"ReadAction","target":["https:\/\/www.bastadcamping.se\/de\/event\/ostern-auf-bastad-camping\/"]}]},{"@type":"BreadcrumbList","@id":"https:\/\/www.bastadcamping.se\/de\/event\/ostern-auf-bastad-camping\/#breadcrumb","itemListElement":[{"@type":"ListItem","position":1,"name":"Hem","item":"https:\/\/www.bastadcamping.se\/de\/hem\/"},{"@type":"ListItem","position":2,"name":"Veranstaltungen","item":"https:\/\/www.bastadcamping.se\/de\/events\/"},{"@type":"ListItem","position":3,"name":"Ostern auf B\u00e5stad Camping"}]},{"@type":"WebSite","@id":"https:\/\/www.bastadcamping.se\/de\/#website","url":"https:\/\/www.bastadcamping.se\/de\/","name":"B\u00e5stad Camping","description":"","publisher":{"@id":"https:\/\/www.bastadcamping.se\/de\/#organization"},"potentialAction":[{"@type":"SearchAction","target":{"@type":"EntryPoint","urlTemplate":"https:\/\/www.bastadcamping.se\/de\/?s={search_term_string}"},"query-input":{"@type":"PropertyValueSpecification","valueRequired":true,"valueName":"search_term_string"}}],"inLanguage":"de"},{"@type":"Organization","@id":"https:\/\/www.bastadcamping.se\/de\/#organization","name":"B\u00e5stad Camping","url":"https:\/\/www.bastadcamping.se\/de\/","logo":{"@type":"ImageObject","inLanguage":"de","@id":"https:\/\/www.bastadcamping.se\/de\/#\/schema\/logo\/image\/","url":"https:\/\/www.bastadcamping.se\/wp-content\/uploads\/2023\/05\/cropped-Bastad-camping-symbol.jpg","contentUrl":"https:\/\/www.bastadcamping.se\/wp-content\/uploads\/2023\/05\/cropped-Bastad-camping-symbol.jpg","width":512,"height":512,"caption":"B\u00e5stad Camping"},"image":{"@id":"https:\/\/www.bastadcamping.se\/de\/#\/schema\/logo\/image\/"},"sameAs":["https:\/\/www.facebook.com\/BastadCamping","https:\/\/www.instagram.com\/bastadcamping\/"]}]}},"_links":{"self":[{"href":"https:\/\/www.bastadcamping.se\/de\/wp-json\/wp\/v2\/tribe_events\/3855","targetHints":{"allow":["GET"]}}],"collection":[{"href":"https:\/\/www.bastadcamping.se\/de\/wp-json\/wp\/v2\/tribe_events"}],"about":[{"href":"https:\/\/www.bastadcamping.se\/de\/wp-json\/wp\/v2\/types\/tribe_events"}],"author":[{"embeddable":true,"href":"https:\/\/www.bastadcamping.se\/de\/wp-json\/wp\/v2\/users\/7"}],"version-history":[{"count":3,"href":"https:\/\/www.bastadcamping.se\/de\/wp-json\/wp\/v2\/tribe_events\/3855\/revisions"}],"predecessor-version":[{"id":3870,"href":"https:\/\/www.bastadcamping.se\/de\/wp-json\/wp\/v2\/tribe_events\/3855\/revisions\/3870"}],"wp:attachment":[{"href":"https:\/\/www.bastadcamping.se\/de\/wp-json\/wp\/v2\/media?parent=3855"}],"wp:term":[{"taxonomy":"post_tag","embeddable":true,"href":"https:\/\/www.bastadcamping.se\/de\/wp-json\/wp\/v2\/tags?post=3855"},{"taxonomy":"tribe_events_cat","embeddable":true,"href":"https:\/\/www.bastadcamping.se\/de\/wp-json\/wp\/v2\/tribe_events_cat?post=3855"}],"curies":[{"name":"wp","href":"https:\/\/api.w.org\/{rel}","templated":true}]}}

Ostern auf Båstad Camping

<p>[et_pb_section][et_pb_row][et_pb_column type=&#8220;4_4&#8243;][et_pb_text]</p>
<p><strong>Beginnen Sie die Campingsaison und feiern Sie Ostern mit uns auf Båstad Camping!</strong></p>
<p>Donnerstag: Sandwiches können im Restaurant bestellt werden. Wählen Sie zwischen:</p>
<div>-Eier und Garnelen</div>
<div>-Reis mit Remouladensoße</div>
<div>-Roastbeef mit Meerrettich</div>
<div>-Frikadellen mit Rotkohl</div>
<div></div>
<div>Abholung von 15-18 Uhr</div>
<div></div>
<div>Preis 129 kr für 3 Sandwiches.</div>
<div></div>
<div>Vorbestellungen per Telefon: +460431 755 11 oder per E-Mail an torget@bastadcamping.se.</div>
<p>[/et_pb_text][/et_pb_column][/et_pb_row][/et_pb_section]</p>

<p>[et_pb_section][et_pb_row][et_pb_column type=&#8220;4_4&#8243;][et_pb_text] Beginnen Sie die Campingsaison und feiern Sie Ostern mit uns auf Båstad Camping! Donnerstag: Sandwiches können im Restaurant bestellt werden. Wählen Sie zwischen: -Eier und Garnelen -Reis mit [&hellip;]</p>

<!-- This site is optimized with the Yoast SEO plugin v27.5 - https://yoast.com/product/yoast-seo-wordpress/ -->
<title>Ostern auf Båstad Camping - Båstad Camping</title>
<meta name="robots" content="index, follow, max-snippet:-1, max-image-preview:large, max-video-preview:-1" />
<link rel="canonical" href="https://www.bastadcamping.se/de/event/ostern-auf-bastad-camping/" />
<meta property="og:locale" content="de_DE" />
<meta property="og:type" content="article" />
<meta property="og:title" content="Ostern auf Båstad Camping - Båstad Camping" />
<meta property="og:description" content="[et_pb_section][et_pb_row][et_pb_column type=&#8220;4_4&#8243;][et_pb_text] Beginnen Sie die Campingsaison und feiern Sie Ostern mit uns auf Båstad Camping! Donnerstag: Sandwiches können im Restaurant bestellt werden. Wählen Sie zwischen: -Eier und Garnelen -Reis mit [&hellip;]" />
<meta property="og:url" content="https://www.bastadcamping.se/de/event/ostern-auf-bastad-camping/" />
<meta property="og:site_name" content="Båstad Camping" />
<meta property="article:publisher" content="https://www.facebook.com/BastadCamping" />
<meta property="article:modified_time" content="2024-01-25T12:52:13+00:00" />
<meta name="twitter:card" content="summary_large_image" />
<script type="application/ld+json" class="yoast-schema-graph">{"@context":"https:\/\/schema.org","@graph":[{"@type":"WebPage","@id":"https:\/\/www.bastadcamping.se\/de\/event\/ostern-auf-bastad-camping\/","url":"https:\/\/www.bastadcamping.se\/de\/event\/ostern-auf-bastad-camping\/","name":"Ostern auf Båstad Camping - Båstad Camping","isPartOf":{"@id":"https:\/\/www.bastadcamping.se\/de\/#website"},"datePublished":"2024-01-25T12:45:47+00:00","dateModified":"2024-01-25T12:52:13+00:00","breadcrumb":{"@id":"https:\/\/www.bastadcamping.se\/de\/event\/ostern-auf-bastad-camping\/#breadcrumb"},"inLanguage":"de","potentialAction":[{"@type":"ReadAction","target":["https:\/\/www.bastadcamping.se\/de\/event\/ostern-auf-bastad-camping\/"]}]},{"@type":"BreadcrumbList","@id":"https:\/\/www.bastadcamping.se\/de\/event\/ostern-auf-bastad-camping\/#breadcrumb","itemListElement":[{"@type":"ListItem","position":1,"name":"Hem","item":"https:\/\/www.bastadcamping.se\/de\/hem\/"},{"@type":"ListItem","position":2,"name":"Veranstaltungen","item":"https:\/\/www.bastadcamping.se\/de\/events\/"},{"@type":"ListItem","position":3,"name":"Ostern auf Båstad Camping"}]},{"@type":"WebSite","@id":"https:\/\/www.bastadcamping.se\/de\/#website","url":"https:\/\/www.bastadcamping.se\/de\/","name":"Båstad Camping","description":"","publisher":{"@id":"https:\/\/www.bastadcamping.se\/de\/#organization"},"potentialAction":[{"@type":"SearchAction","target":{"@type":"EntryPoint","urlTemplate":"https:\/\/www.bastadcamping.se\/de\/?s={search_term_string}"},"query-input":{"@type":"PropertyValueSpecification","valueRequired":true,"valueName":"search_term_string"}}],"inLanguage":"de"},{"@type":"Organization","@id":"https:\/\/www.bastadcamping.se\/de\/#organization","name":"Båstad Camping","url":"https:\/\/www.bastadcamping.se\/de\/","logo":{"@type":"ImageObject","inLanguage":"de","@id":"https:\/\/www.bastadcamping.se\/de\/#\/schema\/logo\/image\/","url":"https:\/\/www.bastadcamping.se\/wp-content\/uploads\/2023\/05\/cropped-Bastad-camping-symbol.jpg","contentUrl":"https:\/\/www.bastadcamping.se\/wp-content\/uploads\/2023\/05\/cropped-Bastad-camping-symbol.jpg","width":512,"height":512,"caption":"Båstad Camping"},"image":{"@id":"https:\/\/www.bastadcamping.se\/de\/#\/schema\/logo\/image\/"},"sameAs":["https:\/\/www.facebook.com\/BastadCamping","https:\/\/www.instagram.com\/bastadcamping\/"]}]}</script>
<!-- / Yoast SEO plugin. -->

Ostern auf Båstad Camping - Båstad Camping

[et_pb_section][et_pb_row][et_pb_column type=&#8220;4_4&#8243;][et_pb_text] Beginnen Sie die Campingsaison und feiern Sie Ostern mit uns auf Båstad Camping! Donnerstag: Sandwiches können im Restaurant bestellt werden. Wählen Sie zwischen: -Eier und Garnelen -Reis mit [&hellip;]

Båstad Camping
